 86, -3*m = 4*n - l. What is the remainder when n is divided by 29?
28
Let p be 8/3*(-6)/4. Let k be (-48)/14*336/p. Let z = k - 201. What is the remainder when z is divided by 22?
21
Let q = -528 - -539. Calculate the remainder when 35 is divided by q.
2
Let r = 11 + -1. Let s(u) = u**3 + 5*u - 15*u**2 + 3*u**2 - 2*u - 19. What is the remainder when s(12) is divided by r?
7
Let b = 40 + -35. Let d(n) = -n**3 + 7*n**2 + 6*n + 7. What is the remainder when d(b) is divided by 22?
21
Suppose 4*z = -0*z. Suppose -4*p + z*p + 8 = 0. Suppose p + 54 = 4*k. What is the remainder when k is divided by 5?
4
Suppose 0 = 6*c - 868 + 4. Suppose -4*r = -2*r - c. Calculate the remainder when r is divided by 15.
12
Suppose 29 - 1709 = -28*w. Calculate the remainder when 717 is divided by w.
57
What is the remainder when (1568/(-6))/((-36)/54) is divided by 36?
32
Suppose 0 = -4*j - 5*r + 277, -297 = -5*j + 5*r - 7. What is the remainder when 90 is divided by j?
27
Let o(l) be the first derivative of -l**2/2 - 3*l + 8. Calculate the remainder when 26 is divided by o(-12).
8
Let y = 1111 - 963. What is the remainder when y is divided by 61?
26
Let a = -255 + 312. Calculate the remainder when a is divided by 3.
0
Suppose 15 = 4*m + 11. Calculate the remainder when 29 is divided by m/(-1)*-1*(16 - 3).
3
Let m = -506 + 931. Let b = m - 281. Calculate the remainder when b is divided by 29.
28
Let c(z) = z**2 + 21*z + 165. What is the remainder when 182 is divided by c(-12)?
11
Let l = 363 + -284. What is the remainder when l is divided by 13?
1
Let p(o) = 74*o**3 - 3*o + 2. Let i = 17 - 12. Let l(u) = 4*u - 1. Calculate the remainder when p(1) is divided by l(i).
16
Suppose -4*f - 2*b + 500 = 0, 5*f - 614 = -9*b + 12*b. Calculate the remainder when f is divided by 56.
12
Calculate the remainder when (-24)/(-168) - (-4252)/28 is divided by 14.
12
Suppose 0 = 5*a - 3*a + 1134. Calculate the remainder when 9 is divided by 6/(-8) - a/84.
3
Suppose -3*f - 96 - 24 = 0. Let w be (3/2)/((-6)/f). Let g = 19 - w. Calculate the remainder when 25 is divided by g.
7
Let q(l) = l**3 + 21*l**2 + 19*l - 11. Let a be 5/30 + 0 - (-121)/(-6). What is the remainder when 34 is divided by q(a)?
7
Suppose -7*y + 880 = 4*y. What is the remainder when 18 is divided by (2 + 15/(-6))/((-4)/y)?
8
Let p(q) = 3*q**2 - 22*q + 35. Suppose 39 = 2*f + 9. What is the remainder when f is divided by p(2)?
0
Let q(p) = -6*p - 440. What is the remainder when q(-79) is divided by (14/(-6))/((-2)/12)?
6
Suppose -2*y + 30 = 2*q, 65*y - 15 = 64*y - 5*q. Calculate the remainder when 370 is divided by y.
10
Suppose 5*x - 10*x + 20 = 0. Suppose 0 = -2*n - 3*u + 42, -2*n + n + 11 = x*u. What is the remainder when n is divided by 8?
3
Let d(i) = -5*i + 41. Let n(b) = -51*b + 411. Let c(h) = -21*d(h) + 2*n(h). Calculate the remainder when c(14) is divided by 1.
0
Let p(g) = -g**2 - 31*g - 216. Calculate the remainder when 885 is divided by p(-19).
9
Let z(d) = d**2 - 22*d + 22. Calculate the remainder when z(25) is divided by 33.
31
Suppose -186*q - 117 = -187*q. Calculate the remainder when 353 is divided by q.
2
Suppose -t = -62 - 11. Calculate the remainder when t is divided by 16.
9
Let s(p) = -27*p - 13. Calculate the remainder when s(-3) is divided by 24.
20
Suppose -2*p + 6 = 3*d, -d - 5*p + 2 - 13 = 0. Let a(x) = x**3 - 4*x**2 - 6*x + 10. Suppose 5*z + 15 = 8*z. Calculate the remainder when a(z) is divided by d.
1
Let u = -3 + 8. Suppose -q + 28 = -u*a, 2*q + 8 = 2*a + 24. Suppose -2*r = r + 4*x - 117, 4*r - 156 = -q*x. Calculate the remainder when r is divided by 14.
11
Let s(c) = c - 1. Let b(q) = 7*q - 2. Let k(z) = -b(z) - 3*s(z). Let y be k(-7). Let d = y - 44. What is the remainder when d is divided by 8?
7
Calculate the remainder when 11/(-22) + 181/2 is divided by 51.
39
Suppose 4*d - 3*s - s = 236, d - 79 = 5*s. Let a = 60 - 98. Let l = a + 49. What is the remainder when d is divided by l?
10
Let n(j) = 6*j**2 + 11*j - 13. Calculate the remainder when n(-7) is divided by 41.
40
Let l(d) = -12*d - 41. What is the remainder when 14 is divided by l(-4)?
0
Let c(x) = 39*x**2 + 584*x - 583. Let q = 322 - 204. What is the remainder when q is divided by c(1)?
38
Suppose -w + 4*b = -30, 2*w - 10 - 53 = 5*b. Suppose -w*r = -35*r + 94. What is the remainder when r is divided by 24?
22
Let m = 1056 + -1028. Calculate the remainder when 49 is divided by m.
21
Suppose 5*z - 2*z - 57 = -3*q, -z + 4*q - 6 = 0. Let v be 51/6 + (-5)/10. Calculate the remainder when 10 is divided by (-24)/z*(-28)/v.
4
Suppose i + 0 - 8 = 0. Suppose -4*o = -2*o - i. Calculate the remainder when (5 - -1)*15/6 is divided by o.
3
Suppose -4*i + 126 = -i + 3*s, -3*i + 2*s + 141 = 0. Suppose 0 = -4*l + 3*y + 60, 59 - 75 = -2*l - 2*y. What is the remainder when i is divided by l?
9
Let z be (-36)/(4/7 + 90/(-35)). Suppose -2*p + 4*p - 214 = 0. Calculate the remainder when p is divided by 8/((-80)/(-15))*z.
26
Let k(t) = 3*t**2 + t - 5. Let x be k(-4). Suppose -3*m + x = -24. Let p(h) = -15*h - 504. Calculate the remainder when m is divided by p(-34).
3
Suppose -3*n + 170 + 28 = 0. Let l be (-257)/7 - 14/49. Let r = n + l. Calculate the remainder when r is divided by 8.
5
Let s = -13 + 18. Suppose 4*q + 20 = -3*c + c, 2*c - s*q = 25. Suppose a = -c*a + 14. What is the remainder when 40 is divided by a?
12
Let f(y) = -y**3 - 8*y**2 - 10*y + 33. Calculate the remainder when f(-7) is divided by 13.
2
Let i be 28/10 + (-8)/(-40). Let p be 24/(3/i - 0). Let o = -10 + p. Calculate the remainder when 26 is divided by o.
12
Let m be 6/18 - (48/9 - 3). Calculate the remainder when 25 is divided by (m - 0 - 1)*28/(-21).
1
Let u(i) = -i**2 + 12*i - 6. Let h be (-2)/5 - 896/10. Let s = h + 152. Calculate the remainder when s is divided by u(9).
20
Suppose -11*m = 31*m - 3696. What is the remainder when m is divided by 22?
0
Suppose -120*i + 119*i + 388 = 0. What is the remainder when i is divided by 94?
12
Suppose 4*s + 4*p - 28 = 0, -s = 5*p - 0 + 1. Suppose -h - 13 = -2*h. What is the remainder when h is divided by s?
4
Calculate the remainder when 218 is divided by 9462/133 - (-4)/(-28).
5
Suppose -a = 3*a + 3*l - 89, -5*a - l + 103 = 0. Let b = 24 - a. Calculate the remainder when 55/4 + (-2)/(-8) is divided by b.
2
Suppose -2*r + 0*r - 42 = 0. Suppose -4*f + 16 = 4. Let l = f - r. Calculate the remainder when l is divided by 13.
11
Let d be (-4)/(-5) - (-280)/25. Suppose -8 = -2*b - 3*b + w, -d = -2*b - 4*w. Suppose x - b - 4 = 0. Calculate the remainder when 11 is divided by x.
5
Let f = -1212 + 1285. What is the remainder when 169 is divided by f?
23
Let b = 26 + -22. Suppose -b*d + 228 = -2*d. Suppose d = 6*c - 3*c. What is the remainder when c is divided by 20?
18
Suppose -s + 1 = -4*q + 2, 0 = -5*s + 5*q - 5. Let n be 2/(-6)*(-10 - s). Suppose 0 = -n*p + p + 20. Calculate the remainder when p is divided by 6.
4
Let y(w) = 3*w + 55. Calculate the remainder when y(18) is divided by 16.
13
Suppose 0 = 30*f - 811 - 719. Calculate the remainder when 98 is divided by f.
47
Let r be (((-440)/3)/8)/(1/3). Let w = r + 77. Calculate the remainder when 60 is divided by w.
16
Suppose 10*l = 148 + 262. Calculate the remainder when 735 is divided by l.
38
Let o = -855 + 950. Calculate the remainder when 276 is divided by o.
86
Suppose 9*s = -3*s + 48. Calculate the remainder when s is divided by 2.
0
Suppose -3*r - 1 - 35 = 2*u, -5*r - 60 = 4*u. Let p = r - -16. Suppose -p*n = -3*d - 2*n + 94, -2*d + n = -62. Calculate the remainder when d is divided by 16.
14
Let g(c) = -85*c + 1. Let m be g(-1). Let j = -35 + m. Let w = j + 13. Calculate the remainder when w is divided by 22.
20
Suppose 3*i + 2*m - 123 = -m, 3*i + m - 121 = 0. Let y = 6 + i. Let q = 2113 + -2097. Calculate the remainder when y is divided by q.
14
Suppose -2*x + 2*w = -34, 12*w - 13*w - 81 = -5*x. Calculate the remainder when 142 is divided by x.
14
What is the remainder when 58 is divided by ((-13)/(26/(-4)))/(2/9)?
4
What is the remainder when (1/((-5)/284))/(52/(-130)) is divided by 45?
7
Suppose -6*l - 19 = -7*l + 3*t, -3*t - 143 = -5*l. Calculate the remainder when 44 is divided by l.
13
Let u be ((-14)/5)/(1/(-5)). Let i(x) = -83 + 25 + x**3 + 25 + 16*x + 35 - 15*x**2. Calcula